{"id":2458,"date":"2020-03-07T16:50:56","date_gmt":"2020-03-07T16:50:56","guid":{"rendered":"https:\/\/www.gecp.pt\/?page_id=2458"},"modified":"2020-03-07T16:56:52","modified_gmt":"2020-03-07T16:56:52","slug":"divulgacao-na-sociedade","status":"publish","type":"page","link":"https:\/\/www.gecp.pt\/en\/divulgacao-na-sociedade\/","title":{"rendered":"Divulga\u00e7\u00e3o"},"content":{"rendered":"<p>Improve and streamline the&nbsp;<em>GECP<\/em>&nbsp;website&nbsp;<em>internet<\/em>&nbsp;in real time and with greater interactivity. How we plan to do this: updating contents and giving the website a facelift; including information for patients and the general population; creating a space for suggestions and opinions from interns and specialists in the oncology area; informing about ongoing clinical trials in Portugal.&nbsp;<em>on-line<\/em>&nbsp;de atividades como conte\u00fados de reuni\u00f5es e congressos; cria\u00e7\u00e3o de espa\u00e7os para sugest\u00f5es e opini\u00f5es de internos e especialistas da \u00e1rea oncol\u00f3gica; informa\u00e7\u00e3o sobre ensaios cl\u00ednicos em curso e em que centros.<\/p>\n\n\n\n<p>Estabelecer parcerias com Associa\u00e7\u00f5es&nbsp;&nbsp;de doentes.&nbsp;<\/p>\n\n\n\n<p>Efetuar campanha de divulga\u00e7\u00e3o do cancro do pulm\u00e3o no \u00e2mbito da preven\u00e7\u00e3o, combate a fatores de risco e alerta para sinais e sintomas da doen\u00e7a oncol\u00f3gica tor\u00e1cica e sua rela\u00e7\u00e3o com tabagismo com atividade a iniciar em Janeiro de 2020 e culminar em Novembro de 2020 (m\u00eas do cancro do pulm\u00e3o).<\/p>\n\n\n\n<p>Create a Scientific Award and a Grant, in the areas of academic formation, research and \/ or acquisition of new techniques.<\/p>\n<!-- AddThis Advanced Settings generic via filter on the_content --><!-- AddThis Share Buttons generic via filter on the_content -->","protected":false},"excerpt":{"rendered":"<p>Aperfei\u00e7oar e dinamizar o&nbsp;site&nbsp;do GECP na&nbsp;internet&nbsp;em tempo real e com maior interatividade. Pensamos faz\u00ea-lo atrav\u00e9s de: atualiza\u00e7\u00e3o de conte\u00fados e de visual; informa\u00e7\u00e3o para doentes e popula\u00e7\u00e3o em geral; disponibiliza\u00e7\u00e3o&nbsp;on-line&nbsp;de atividades como conte\u00fados de reuni\u00f5es e congressos; cria\u00e7\u00e3o de espa\u00e7os&#8230;<!-- AddThis Advanced Settings generic via filter on get_the_excerpt --><!-- AddThis Share Buttons generic via filter on get_the_excerpt --><\/p>","protected":false},"author":1,"featured_media":0,"parent":0,"menu_order":0,"comment_status":"closed","ping_status":"closed","template":"","meta":{"om_disable_all_campaigns":false,"_monsterinsights_skip_tracking":false,"_monsterinsights_sitenote_active":false,"_monsterinsights_sitenote_note":"","_monsterinsights_sitenote_category":0,"ngg_post_thumbnail":0},"_links":{"self":[{"href":"https:\/\/www.gecp.pt\/en\/wp-json\/wp\/v2\/pages\/2458"}],"collection":[{"href":"https:\/\/www.gecp.pt\/en\/wp-json\/wp\/v2\/pages"}],"about":[{"href":"https:\/\/www.gecp.pt\/en\/wp-json\/wp\/v2\/types\/page"}],"author":[{"embeddable":true,"href":"https:\/\/www.gecp.pt\/en\/wp-json\/wp\/v2\/users\/1"}],"replies":[{"embeddable":true,"href":"https:\/\/www.gecp.pt\/en\/wp-json\/wp\/v2\/comments?post=2458"}],"version-history":[{"count":2,"href":"https:\/\/www.gecp.pt\/en\/wp-json\/wp\/v2\/pages\/2458\/revisions"}],"predecessor-version":[{"id":2465,"href":"https:\/\/www.gecp.pt\/en\/wp-json\/wp\/v2\/pages\/2458\/revisions\/2465"}],"wp:attachment":[{"href":"https:\/\/www.gecp.pt\/en\/wp-json\/wp\/v2\/media?parent=2458"}],"curies":[{"name":"wp","href":"https:\/\/api.w.org\/{rel}","templated":true}]}}

Divulgação

<p>Improve and streamline the&nbsp;<em>GECP</em>&nbsp;website&nbsp;<em>internet</em>&nbsp;in real time and with greater interactivity. How we plan to do this: updating contents and giving the website a facelift; including information for patients and the general population; creating a space for suggestions and opinions from interns and specialists in the oncology area; informing about ongoing clinical trials in Portugal.&nbsp;<em>on-line</em>&nbsp;de atividades como conteúdos de reuniões e congressos; criação de espaços para sugestões e opiniões de internos e especialistas da área oncológica; informação sobre ensaios clínicos em curso e em que centros.</p>



<p>Estabelecer parcerias com Associações&nbsp;&nbsp;de doentes.&nbsp;</p>



<p>Efetuar campanha de divulgação do cancro do pulmão no âmbito da prevenção, combate a fatores de risco e alerta para sinais e sintomas da doença oncológica torácica e sua relação com tabagismo com atividade a iniciar em Janeiro de 2020 e culminar em Novembro de 2020 (mês do cancro do pulmão).</p>



<p>Create a Scientific Award and a Grant, in the areas of academic formation, research and / or acquisition of new techniques.</p>
<!-- AddThis Advanced Settings generic via filter on the_content --><!-- AddThis Share Buttons generic via filter on the_content -->

<p>Aperfeiçoar e dinamizar o&nbsp;site&nbsp;do GECP na&nbsp;internet&nbsp;em tempo real e com maior interatividade. Pensamos fazê-lo através de: atualização de conteúdos e de visual; informação para doentes e população em geral; disponibilização&nbsp;on-line&nbsp;de atividades como conteúdos de reuniões e congressos; criação de espaços&#8230;<!-- AddThis Advanced Settings generic via filter on get_the_excerpt --><!-- AddThis Share Buttons generic via filter on get_the_excerpt --></p>
