{"id":137,"date":"2019-01-23T08:50:10","date_gmt":"2019-01-23T08:50:10","guid":{"rendered":"http:\/\/demo.sparklewpthemes.com\/medicalheed\/?page_id=137"},"modified":"2023-07-20T18:11:25","modified_gmt":"2023-07-20T17:11:25","slug":"contactos","status":"publish","type":"page","link":"http:\/\/www.gecp.pt\/en\/contactos\/","title":{"rendered":"CONTACTS"},"content":{"rendered":"<iframe src=\"https:\/\/www.google.com\/maps\/embed?pb=!1m18!1m12!1m3!1d3110.6946837080477!2d-9.09727318360765!3d38.770706229590424!2m3!1f0!2f0!3f0!3m2!1i1024!2i768!4f13.1!3m3!1m2!1s0xd1931888d7a916f%3A0x65dd2e9f00b14b2b!2sIDEA%20Spaces%20-%20Parque%20das%20Na%C3%A7%C3%B5es!5e0!3m2!1spt-PT!2spt!4v1676491379598!5m2!1spt-PT!2spt\" width=\"1200\" height=\"400\" style=\"border:0;\" allowfullscreen=\"\" loading=\"lazy\" referrerpolicy=\"no-referrer-when-downgrade\"><\/iframe>\n\n\n\n<div class=\"wp-block-spacer\" style=\"height: 40px;\" aria-hidden=\"true\">&nbsp;<\/div>\n\n\n<!--themify_builder_content-->\n<div id=\"themify_builder_content-137\" data-postid=\"137\" class=\"themify_builder_content themify_builder_content-137 themify_builder tf_clear\">\n                    <div  data-lazy=\"1\" class=\"module_row themify_builder_row tb_cqnm915 tb_first tf_w\">\n                        <div class=\"row_inner col_align_top tb_col_count_1 tf_box tf_rel\">\n                        <div  data-lazy=\"1\" class=\"module_column tb-column col-full tb_nweq916 first\">\n                    <!-- module fancy heading -->\n<div  class=\"module module-fancy-heading tb_ftoa934  tb_hide_divider\" data-lazy=\"1\">\n        <h3 class=\"fancy-heading tf_textc\">\n    <span class=\"main-head tf_block\">\n                    CONTACTS            <\/span>\n\n    \n    <span class=\"sub-head tf_block tf_rel\">\n                    PLEASE FEEL FREE TO CONTACT US!            <\/span>\n    <\/h3>\n<\/div>\n<!-- \/module fancy heading -->\n        <\/div>\n                        <\/div>\n        <\/div>\n                        <div  data-lazy=\"1\" class=\"module_row themify_builder_row tb_o31c991 tf_w\">\n                        <div class=\"row_inner col_align_top tb_col_count_2 tf_box tf_rel\">\n                        <div  data-lazy=\"1\" class=\"module_column tb-column col2-1 tb_e2sz992 first\">\n                    <!-- module feature -->\n<div  class=\"module module-feature tb_9sev347 no-chart layout-icon-top size-custom\" data-layout-mobile=\"icon-left\" data-layout-desktop=\"icon-top\" data-lazy=\"1\">\n        <div class=\"module-feature-image tf_textc tf_rel\">\n                            <span class=\"module-feature-chart-html5 tf_box tf_rel tf_inline_b\" style=\"width:50px;height:50px;background-color:#ffffff\">\n                                <span class=\"chart-html5-circle tf_w tf_h\">\n                                            <em class=\"module-feature-icon tf_rel\" style=\"color:#286fa0\"><svg  class=\"tf_fa tf-fas-map-marker-alt\" aria-hidden=\"true\"><use href=\"#tf-fas-map-marker-alt\"><\/use><\/svg><\/em>\n                                    <\/span>\n\n                \n            <\/span>\n                <\/div>\n    <div class=\"module-feature-content tf_textc\">\n                <div class=\"tb_text_wrap\">\n            <p style=\"text-align: center\">Lung Cancer Study Group<\/p>\n<p style=\"text-align: center\">IDEA Spaces, Edif\u00edcio Infante<br>Av. D. Jo\u00e3o II n.\u00ba35, Piso 11 A,<br>Parque das Na\u00e7\u00f5es<br>1990-083 Lisboa &#8211; Portugal<\/p>        <\/div>\n    <\/div>\n<\/div>\n<!-- \/module feature -->\n        <\/div>\n                    <div  data-lazy=\"1\" class=\"module_column tb-column col2-1 tb_ltxu992 last\">\n                    <!-- module feature -->\n<div  class=\"module module-feature tb_mkub942 no-chart layout-icon-top size-custom\" data-layout-mobile=\"icon-left\" data-layout-desktop=\"icon-top\" data-lazy=\"1\">\n        <div class=\"module-feature-image tf_textc tf_rel\">\n                            <span class=\"module-feature-chart-html5 tf_box tf_rel tf_inline_b\" style=\"width:50px;height:50px;background-color:#ffffff\">\n                                <span class=\"chart-html5-circle tf_w tf_h\">\n                                            <em class=\"module-feature-icon tf_rel\" style=\"color:#286fa0\"><svg  class=\"tf_fa tf-fas-envelope\" aria-hidden=\"true\"><use href=\"#tf-fas-envelope\"><\/use><\/svg><\/em>\n                                    <\/span>\n\n                \n            <\/span>\n                <\/div>\n    <div class=\"module-feature-content tf_textc\">\n                <div class=\"tb_text_wrap\">\n            <p style=\"color: #000000;text-align: center\"><span style=\"color: #808080\">GECP <a href=\"mailto:geral@gecp.pt\">geral@gecp.pt<\/a><\/span><\/p>\n<p style=\"color: #000000;text-align: center\"><span style=\"color: #808080\">Secretariado<\/span> <a href=\"mailto:secretariado@gecp.pt\">secretariado@gecp.pt<\/a><\/p>        <\/div>\n    <\/div>\n<\/div>\n<!-- \/module feature -->\n        <\/div>\n                        <\/div>\n        <\/div>\n        <\/div>\n<!--\/themify_builder_content--><!-- AddThis Advanced Settings generic via filter on the_content --><!-- AddThis Share Buttons generic via filter on the_content -->","protected":false},"excerpt":{"rendered":"<p>&nbsp; CONTACTOSEstamos \u00e0 sua disposi\u00e7\u00e3o! Grupo de Estudos do Cancro do Pulm\u00e3o IDEA Spaces, Edif\u00edcio InfanteAv. D. Jo\u00e3o II n.\u00ba35, Piso 11 A,Parque das Na\u00e7\u00f5es1990-083 Lisboa &#8211; Portugal GECP geral@gecp.pt Secretariado secretariado@gecp.pt<!-- AddThis Advanced Settings generic via filter on get_the_excerpt --><!-- AddThis Share Buttons generic via filter on get_the_excerpt --><\/p>","protected":false},"author":1,"featured_media":0,"parent":0,"menu_order":0,"comment_status":"closed","ping_status":"closed","template":"","meta":{"om_disable_all_campaigns":false,"_monsterinsights_skip_tracking":false,"_monsterinsights_sitenote_active":false,"_monsterinsights_sitenote_note":"","_monsterinsights_sitenote_category":0,"ngg_post_thumbnail":0},"_links":{"self":[{"href":"http:\/\/www.gecp.pt\/en\/wp-json\/wp\/v2\/pages\/137"}],"collection":[{"href":"http:\/\/www.gecp.pt\/en\/wp-json\/wp\/v2\/pages"}],"about":[{"href":"http:\/\/www.gecp.pt\/en\/wp-json\/wp\/v2\/types\/page"}],"author":[{"embeddable":true,"href":"http:\/\/www.gecp.pt\/en\/wp-json\/wp\/v2\/users\/1"}],"replies":[{"embeddable":true,"href":"http:\/\/www.gecp.pt\/en\/wp-json\/wp\/v2\/comments?post=137"}],"version-history":[{"count":166,"href":"http:\/\/www.gecp.pt\/en\/wp-json\/wp\/v2\/pages\/137\/revisions"}],"predecessor-version":[{"id":12905,"href":"http:\/\/www.gecp.pt\/en\/wp-json\/wp\/v2\/pages\/137\/revisions\/12905"}],"wp:attachment":[{"href":"http:\/\/www.gecp.pt\/en\/wp-json\/wp\/v2\/media?parent=137"}],"curies":[{"name":"wp","href":"https:\/\/api.w.org\/{rel}","templated":true}]}}

<iframe src="https://www.google.com/maps/embed?pb=!1m18!1m12!1m3!1d3110.6946837080477!2d-9.09727318360765!3d38.770706229590424!2m3!1f0!2f0!3f0!3m2!1i1024!2i768!4f13.1!3m3!1m2!1s0xd1931888d7a916f%3A0x65dd2e9f00b14b2b!2sIDEA%20Spaces%20-%20Parque%20das%20Na%C3%A7%C3%B5es!5e0!3m2!1spt-PT!2spt!4v1676491379598!5m2!1spt-PT!2spt" width="1200" height="400" style="border:0;" allowfullscreen="" loading="lazy" referrerpolicy="no-referrer-when-downgrade"></iframe>



<div class="wp-block-spacer" style="height: 40px;" aria-hidden="true">&nbsp;</div>


<!--themify_builder_content-->
<div id="themify_builder_content-137" data-postid="137" class="themify_builder_content themify_builder_content-137 themify_builder tf_clear">
                    <div  data-lazy="1" class="module_row themify_builder_row tb_cqnm915 tb_first tf_w">
                        <div class="row_inner col_align_top tb_col_count_1 tf_box tf_rel">
                        <div  data-lazy="1" class="module_column tb-column col-full tb_nweq916 first">
                    <!-- module fancy heading -->
<div  class="module module-fancy-heading tb_ftoa934  tb_hide_divider" data-lazy="1">
        <h3 class="fancy-heading tf_textc">
    <span class="main-head tf_block">
                    CONTACTS            </span>

    
    <span class="sub-head tf_block tf_rel">
                    PLEASE FEEL FREE TO CONTACT US!            </span>
    </h3>
</div>
<!-- /module fancy heading -->
        </div>
                        </div>
        </div>
                        <div  data-lazy="1" class="module_row themify_builder_row tb_o31c991 tf_w">
                        <div class="row_inner col_align_top tb_col_count_2 tf_box tf_rel">
                        <div  data-lazy="1" class="module_column tb-column col2-1 tb_e2sz992 first">
                    <!-- module feature -->
<div  class="module module-feature tb_9sev347 no-chart layout-icon-top size-custom" data-layout-mobile="icon-left" data-layout-desktop="icon-top" data-lazy="1">
        <div class="module-feature-image tf_textc tf_rel">
                            <span class="module-feature-chart-html5 tf_box tf_rel tf_inline_b" style="width:50px;height:50px;background-color:#ffffff">
                                <span class="chart-html5-circle tf_w tf_h">
                                            <em class="module-feature-icon tf_rel" style="color:#286fa0"><svg  class="tf_fa tf-fas-map-marker-alt" aria-hidden="true"><use href="#tf-fas-map-marker-alt"></use></svg></em>
                                    </span>

                
            </span>
                </div>
    <div class="module-feature-content tf_textc">
                <div class="tb_text_wrap">
            <p style="text-align: center">Lung Cancer Study Group</p>
<p style="text-align: center">IDEA Spaces, Edifício Infante<br>Av. D. João II n.º35, Piso 11 A,<br>Parque das Nações<br>1990-083 Lisboa &#8211; Portugal</p>        </div>
    </div>
</div>
<!-- /module feature -->
        </div>
                    <div  data-lazy="1" class="module_column tb-column col2-1 tb_ltxu992 last">
                    <!-- module feature -->
<div  class="module module-feature tb_mkub942 no-chart layout-icon-top size-custom" data-layout-mobile="icon-left" data-layout-desktop="icon-top" data-lazy="1">
        <div class="module-feature-image tf_textc tf_rel">
                            <span class="module-feature-chart-html5 tf_box tf_rel tf_inline_b" style="width:50px;height:50px;background-color:#ffffff">
                                <span class="chart-html5-circle tf_w tf_h">
                                            <em class="module-feature-icon tf_rel" style="color:#286fa0"><svg  class="tf_fa tf-fas-envelope" aria-hidden="true"><use href="#tf-fas-envelope"></use></svg></em>
                                    </span>

                
            </span>
                </div>
    <div class="module-feature-content tf_textc">
                <div class="tb_text_wrap">
            <p style="color: #000000;text-align: center"><span style="color: #808080">GECP <a href="mailto:geral@gecp.pt">geral@gecp.pt</a></span></p>
<p style="color: #000000;text-align: center"><span style="color: #808080">Secretariado</span> <a href="mailto:secretariado@gecp.pt">secretariado@gecp.pt</a></p>        </div>
    </div>
</div>
<!-- /module feature -->
        </div>
                        </div>
        </div>
        </div>
<!--/themify_builder_content--><!-- AddThis Advanced Settings generic via filter on the_content --><!-- AddThis Share Buttons generic via filter on the_content -->

<p>&nbsp; CONTACTOSEstamos à sua disposição! Grupo de Estudos do Cancro do Pulmão IDEA Spaces, Edifício InfanteAv. D. João II n.º35, Piso 11 A,Parque das Nações1990-083 Lisboa &#8211; Portugal GECP geral@gecp.pt Secretariado secretariado@gecp.pt<!-- AddThis Advanced Settings generic via filter on get_the_excerpt --><!-- AddThis Share Buttons generic via filter on get_the_excerpt --></p>
